 + 1. Let y(d) = d**3 - d**2 + 1. Let r(t) = m(t) - 3*y(t). What are the prime factors of r(b)?
2, 3, 5
Let f(d) = -91*d**2 - 3*d + 2. Let m be f(1). Let z = -52 - m. Let p = z - -18. List the prime factors of p.
2, 29
Suppose 18 = -5*z + 8. Let u be 3*z/6*2 + 11. Suppose 2*g = 3*g - u. List the prime factors of g.
3
Let r be (-3 - 0 - -4)*(66 + 1). Suppose 0 = -r*j + 65*j + 162. List the prime factors of j.
3
Let v be (-9)/(-1) + (28 - 30). Suppose -2145 = -18*g + v*g. List the prime factors of g.
3, 5, 13
Suppose -2*d + 7856 = 5*i, -4*d + 7860 = -2*d + 3*i. What are the prime factors of d?
3, 19, 23
Let d = 188 + -185. Suppose d*o + 140 - 968 = 0. List the prime factors of o.
2, 3, 23
Let f = 40754 - 20177. List the prime factors of f.
3, 19
Let p(x) = -9*x**2 + 1182*x + 214. List the prime factors of p(67).
19, 2053
Suppose -92*h + 2174676 + 469742 = -269958. List the prime factors of h.
2, 47, 337
Let p(v) = 42*v**2 - 176*v**2 + v + 0*v - 2*v. Let r be p(-1). Let w = r + 223. List the prime factors of w.
2, 3, 5
Let n(m) = -9761*m**3 + 23*m + 22. List the prime factors of n(-1).
2, 5, 61
Let q = 7943 + -6194. What are the prime factors of q?
3, 11, 53
Let k(x) = x**3 + 7*x**2 - x - 5. Let f be k(-7). Suppose 5*r - f*c + 6*c = 21, 4*r - 3*c = 23. Suppose -b - 292 = -r*b. List the prime factors of b.
73
Let r(i) = -65*i + 3 + 103*i**2 - 19 + 97*i**2 + 77*i. List the prime factors of r(2).
2, 101
Suppose 150 + 6141 = 27*a. List the prime factors of a.
233
Suppose 3*k + 338 = 2*w - 7*w, 0 = 4*w + k + 276. Let c = 245 - w. List the prime factors of c.
3, 5, 7
Suppose -8218 = -2*d - 2*z, 5*d - 5*z + 7*z = 20542. Suppose -16*q = -12*q - d. List the prime factors of q.
13, 79
Suppose 4*w - 8 = -4*u, 2*w - 6*w + 4*u + 8 = 0. Suppose -2*v - 3*v + w*j = -1050, 2*v - 4*j - 436 = 0. Suppose -4*c - v + 984 = 0. List the prime factors of c.
2, 97
Let b(h) = 2*h**2 - 57*h + 95. List the prime factors of b(-51).
2, 7, 293
Suppose -5*y - 197 = -4*m, -3*y + 15 = 2*y. Let x be (6/9)/((-4)/(-18)) - m. Let g = x + 59. What are the prime factors of g?
3
Let z be 34/6 + 14/(-21). Let r = 14 - 11. Suppose -r*k = -z - 19. List the prime factors of k.
2
Let c(n) = n**3 - 3*n**2 - n. Let b be c(0). Suppose 3*t - 2*h = 2264, -2*h - 760 = -t - b*h. What are the prime factors of t?
2, 47
Let z = 391 + -390. What are the prime factors of -1362*(24/36 - (2 - z))?
2, 227
Suppose 0*s - 4*s - n + 3162 = 0, 2*s + 4*n - 1588 = 0. Suppose -r - s = -3*z, 4*z + 3*r = 1402 - 366. List the prime factors of z.
2, 131
Let r be -2 + 1 + (2 - -7). Suppose 2 + r = 2*i. Suppose 3*b - 2*b - 747 = -i*t, -5*t = -4*b - 737. What are the prime factors of t?
149
Suppose -21*f = -7*f - 5838. Let q = -59 + f. List the prime factors of q.
2, 179
Suppose 37*r - 704 = 406. What are the prime factors of (156/r)/((-2)/(-240))?
2, 3, 13
Suppose -3*u + 2*h - 31346 = -110115, -3*u + h = -78767. What are the prime factors of u?
5, 59, 89
What are the prime factors of ((-26)/(-8) - 1)*(-188176)/(-114)?
2, 3, 619
Suppose -52*z - 8*z + 2582496 = z. List the prime factors of z.
2, 3, 7
List the prime factors of ((3 + (-187)/66)*-5672)/((-2)/12).
2, 709
Let b be 1/4 - 1*(-17)/(-4). Let i be (-136)/(-36) - 5/(90/b). What are the prime factors of (50 + i/(-2))*(-5)/(-15)?
2
Suppose 7*g - 31 = -10. Suppose -g*u = -b - 263 - 1695, 0 = 4*u - 5*b - 2607. What are the prime factors of u?
653
Let g = -68 - -74. What are the prime factors of 2 - g/(-4)*226?
11, 31
Suppose -2*b - 4*f + 106 = 0, -3*b - 3 = f - 152. Suppose 105 = s - 2*o, 3*o - 342 = -6*s + 3*s. Let j = s - b. List the prime factors of j.
2, 31
Let y(m) = m**2 - 44*m + 165. Let p be y(4). Suppose -3*g - 2*q = -516 + 55, -p*q - 182 = -g. What are the prime factors of g?
157
Let k = 19 + -15. Suppose k*w = 5*i + 304, -2*w + 43 + 87 = 3*i. List the prime factors of w.
71
Suppose 53*r - 936705 = 778534. List the prime factors of r.
32363
Suppose -11*u - 28 = -18*u. Suppose -10 - u = v. What are the prime factors of (-528)/v + 2 + (-36)/21?
2, 19
Let j(q) = -q**3 + 7*q**2 - 4*q + 7. Let x be j(5). Suppose 6*f = -x + 7. List the prime factors of ((-54)/4)/(f/40*2).
2, 3
Suppose -p - 6*o + 2*o + 10751 = 0, -o - 10721 = -p. What are the prime factors of p?
17, 631
Suppose 247*r - 21944 = 239*r. What are the prime factors of r?
13, 211
Let x = 6437 - -8095. List the prime factors of x.
2, 3, 7, 173
Let c(g) = 3242*g - 9811. List the prime factors of c(25).
7, 10177
Let l(v) be the first derivative of v**4/4 + 7*v**3/3 + 5*v**2 - 2*v - 2. Let f be l(-5). List the prime factors of -116*(f + (28/(-8))/7).
2, 5, 29
Suppose -23 = -4*b - 7. What are the prime factors of 491 + b/(-16)*-8?
17, 29
Suppose 2*u - 30479 = -s + 5589, 4*u = 3*s + 72116. Suppose -8*r + u = 6*r. What are the prime factors of r?
2, 7, 23
Let l(m) be the first derivative of -87*m**2 + 6*m - 4. Suppose -2*v - 3 = 5*u - 0*v, 4*u - v = -5. What are the prime factors of l(u)?
2, 3, 5
Suppose -34*j - 37*j = j - 252216. What are the prime factors of j?
31, 113
Let k = 34395 + -17960. List the prime factors of k.
5, 19, 173
Let n = 88 + -100. Let o be (0 - 3) + (n - -25). List the prime factors of ((-5)/o)/(1/(-442)).
13, 17
Suppose 10547 = 5*y + 4*i - 7638, -2*y - i = -7277. List the prime factors of y.
11, 331
Let d = 77 + -73. Suppose -d*w + 20 = -4. Let q(k) = 2*k**2 + 4*k + 17. List the prime factors of q(w).
113
List the prime factors of (255/(-6))/(-5)*(19 - -1319).
3, 17, 223
Let o(d) = -d**2 + 5*d + 3. Let f be o(5). Suppose -2*v - n = -4*v + 396, 2*v = f*n + 400. Suppose v + 163 = 6*i. What are the prime factors of i?
2, 3, 5
Let u be (2 - 2)/((-4)/2 + -1). Suppose 209*h - 206*h - 1140 = u. What are the prime factors of h?
2, 5, 19
Let w = 14597 + 1391. List the prime factors of w.
2, 7, 571
Let m(x) be the second derivative of -7*x**5/24 + x**4/12 - 3*x**3/2 - 10*x. Let f(i) be the second derivative of m(i). What are the prime factors of f(-1)?
37
Let t = 10 + 21. Suppose 0 = -4*p + t - 59. What are the prime factors of (-465)/p - 48/112?
2, 3, 11
Let h(m) = 4*m**2 - 12*m + 24. Let q = -40 - -42. Suppose 27 = g + 5*w, -1 = -2*g + q*w + 5. List the prime factors of h(g).
2, 17
Suppose 76330 = -0*m + 17*m. What are the prime factors of m?
2, 5, 449
Let g(m) = 47*m**3 + 13*m**2 - 18*m + 35. What are the prime factors of g(9)?
7, 11, 457
Let o = -69813 - -158845. What are the prime factors of o?
2, 31, 359
Let w be (-27)/(-6)*(-3 - -5). Suppose -3*v + d - 12 = w, 18 = -4*v - 2*d. What are the prime factors of ((-494)/v - 1)/((-2)/(-3))?
2, 61
Let r = -11318 - -46798. What are the prime factors of r?
2, 5, 887
List the prime factors of 8/(-196) + 682968/147.
2, 23, 101
Let b(o) = -2*o**2 + 28*o. Let g be b(14). Suppose 60 = -g*i - 2*i. List the prime factors of ((-48)/i)/(4/70).
2, 7
What are the prime factors of (-104273)/((-39)/3) + -6?
5, 7, 229
Let l(q) = 14*q**2 - 25*q - 156. Let u(a) = -56*a**2 + 99*a + 625. Let r(n) = 9*l(n) + 2*u(n). What are the prime factors of r(-5)?
331
Suppose 47*d = 51*d + 600. Let v = -126 - d. List the prime factors of v.
2, 3
Let y = 6 + -3. Suppose 2*h - i = 9, 5*h + y = h - 5*i. Suppose 0*a + 565 = h*d + a, 4*a + 764 = 4*d. List the prime factors of d.
3, 7
Suppose -19*y + 22*y - 15 = 0. Suppose 4*o - 5*s = 1926, -746 - 1651 = -y*o + s. List the prime factors of o.
479
Suppose 969 = -8*d - 135. Let h = d + 331. List the prime factors of h.
193
Let s be 10*(-3 + 5)/4. Suppose 775 + 225 = -s*q. Let u = q + 394. What are the prime factors of u?
2, 97
Let f(c) = 73 - 4*c - 13*c + 7*c. What are the prime factors of f(-9)?
163
Let j(u) = -3*u**2 + 18*u + 6. Let i(h) = -2*h - 4. Let l be i(-5). Let t be j(l). What are the prime factors of (-3 - (-42)/t) + 9?
13
Let p be (((-132)/(-36))/11)/((-1)/(-363)). Let x = p - -87. List the prime factors of x.
2, 13
Let r(m) = 9*m - 183. Let t be r(23). List the prime factors of 2*(-126)/t*-54.
3, 7
Let p(c) = -2*c**3 + 6*c + 4*c + 7*c**2 - 3*c + c**3. Let r be p(7). Let g = r - 38. List the prime factors of g.
11
Let i(s) = s - 5. Let b be i(7). Suppose b*g - 449 = 905. What are the prime factors of g?
677
Let t(h) = -h**3 - h**2 + 3*h - 4. Let z be t(4). Let g be (-1699)/(-9) + (-16)/z. Suppose -5*o + 51 = -g. What are the 